{"id":15,"date":"2022-11-13T03:46:02","date_gmt":"2022-11-13T03:46:02","guid":{"rendered":"https:\/\/animatronix.com.mx\/?page_id=15"},"modified":"2024-04-04T15:01:30","modified_gmt":"2024-04-04T15:01:30","slug":"home","status":"publish","type":"page","link":"https:\/\/animatronix.com.mx\/","title":{"rendered":"Home"},"content":{"rendered":"\n<figure class=\"wp-block-image size-large\"><img decoding=\"async\" src=\"https:\/\/images.cousinlemon.com\/wp-content\/uploads\/2024\/04\/ANIMATRONIX-01-1024x576.png\" alt=\"\"\/><\/figure>\n\n\n\n<p class=\"has-text-align-center has-large-font-size\">Nuestra pasi\u00f3n, ser una gran opci\u00f3n de entretenimiento, inovador, diferente, divertido, y con prop\u00f3sito, en un ambiente controlado por tecnolog\u00eda, con fines educativos, en desarrollo social y familiar, as\u00ed podr\u00e1s aprender algo mientras te la pasas incre\u00edble.<\/p>\n\n\n\n<p class=\"has-text-align-center has-large-font-size\"><em>Y pasarla incre\u00edble aprendiendo algo<\/em>.<\/p>\n\n\n\n<div style=\"height:100px\" aria-hidden=\"true\" class=\"wp-block-spacer\"><\/div>\n\n\n\n<figure class=\"wp-block-video alignfull\"><video height=\"720\" style=\"aspect-ratio: 1280 \/ 720;\" width=\"1280\" autoplay controls src=\"https:\/\/animatronix.com.mx\/wp-content\/uploads\/2022\/12\/animatronix-Cahpultepec-compress.mp4\" playsinline><\/video><\/figure>\n\n\n\n<div style=\"height:100px\" aria-hidden=\"true\" class=\"wp-block-spacer\"><\/div>\n\n\n\n<p class=\"has-text-align-center has-text-color has-link-color has-larger-font-size wp-elements-b9bc41c6608f11547cedee89305195e7\" style=\"color:#80d450\"><strong>UN ZAMBULLIDO.<\/strong><\/p>\n\n\n\n<div class=\"wp-block-columns is-layout-flex wp-container-core-columns-is-layout-9d6595d7 wp-block-columns-is-layout-flex\">\n<div class=\"wp-block-column is-layout-flow wp-block-column-is-layout-flow\" style=\"flex-basis:30%\"><\/div>\n\n\n\n<div class=\"wp-block-column is-layout-flow wp-block-column-is-layout-flow\" style=\"flex-basis:70%\">\n<p><\/p>\n\n\n\n<ul class=\"has-large-font-size wp-block-list\">\n<li>Exhibiciones con dinosaurios robotizados<\/li>\n\n\n\n<li>Show con dinosaurios en escena<\/li>\n\n\n\n<li>Dinosaurios montables<\/li>\n\n\n\n<li>Realidad Virtual<\/li>\n\n\n\n<li>Realidad Aumentada<\/li>\n\n\n\n<li>Espacios \/ Cuartos inmersivos<\/li>\n<\/ul>\n\n\n\n<p>Todo esto se puede complementar con un control de luz sonido y de show por computadoras, creando un ambiente \u00fanico y que puede ir cambiando. Listo con las exhibiciones.<\/p>\n\n\n\n<p class=\"has-text-align-center has-large-font-size\">el resultado <\/p>\n\n\n\n<p class=\"has-text-align-center has-large-font-size\"><strong>UNA GRAN EXPERIENCIA<\/strong><\/p>\n<\/div>\n<\/div>\n\n\n\n<div style=\"height:100px\" aria-hidden=\"true\" class=\"wp-block-spacer\"><\/div>\n\n\n\n<figure class=\"wp-block-image alignfull size-large\"><img loading=\"lazy\" decoding=\"async\" width=\"1024\" height=\"1024\" src=\"https:\/\/animatronix.com.mx\/wp-content\/uploads\/2023\/02\/animatronix-dinos-1024x1024.jpg\" alt=\"\" class=\"wp-image-164\" srcset=\"https:\/\/animatronix.com.mx\/wp-content\/uploads\/2023\/02\/animatronix-dinos-1024x1024.jpg 1024w, https:\/\/animatronix.com.mx\/wp-content\/uploads\/2023\/02\/animatronix-dinos-300x300.jpg 300w, https:\/\/animatronix.com.mx\/wp-content\/uploads\/2023\/02\/animatronix-dinos-150x150.jpg 150w, https:\/\/animatronix.com.mx\/wp-content\/uploads\/2023\/02\/animatronix-dinos-768x768.jpg 768w, https:\/\/animatronix.com.mx\/wp-content\/uploads\/2023\/02\/animatronix-dinos-100x100.jpg 100w, https:\/\/animatronix.com.mx\/wp-content\/uploads\/2023\/02\/animatronix-dinos.jpg 1080w\" sizes=\"auto, (max-width: 1024px) 100vw, 1024px\" \/><\/figure>\n\n\n\n<div style=\"height:100px\" aria-hidden=\"true\" class=\"wp-block-spacer\"><\/div>\n\n\n\n<p class=\"has-text-align-center\">La exhibici\u00f3n DINOSAURIA es un FASCINANTE VIAJE AL PASADO que permite conocer espectaculares dinosaurios en su h\u00e1bitat natural, transportando al espectador a un mundo diferente, cuando dominaban la Tierra, los m\u00e1s grandes animales que jamas hayan existido. <\/p>\n\n\n\n<div class=\"wp-block-columns is-layout-flex wp-container-core-columns-is-layout-9d6595d7 wp-block-columns-is-layout-flex\">\n<div class=\"wp-block-column is-layout-flow wp-block-column-is-layout-flow\" style=\"flex-basis:30%\"><div class=\"wp-block-image\">\n<figure class=\"aligncenter size-large\"><img decoding=\"async\" src=\"https:\/\/images.cousinlemon.com\/wp-content\/uploads\/2024\/04\/tunel-luz.jpg\" alt=\"\"\/><\/figure>\n<\/div><\/div>\n\n\n\n<div class=\"wp-block-column is-layout-flow wp-block-column-is-layout-flow\" style=\"flex-basis:70%\">\n<p class=\"has-text-align-left\"><strong>Te encontraras frente a <\/strong><\/p>\n\n\n\n<ul class=\"wp-block-list\">\n<li><strong>esqueletos de dinosaurios,<\/strong><\/li>\n\n\n\n<li>y\/o excavaci\u00f3n palentolog\u00eda<strong> <\/strong><\/li>\n\n\n\n<li>en la <strong>zona de paleontolog\u00eda, <\/strong><\/li>\n\n\n\n<li><strong>viajaras por el t\u00fanel del tiempo, <\/strong><\/li>\n\n\n\n<li><strong>y veras diferentes especies de dinosaurios <\/strong><\/li>\n\n\n\n<li><strong>y al gigantesco <em>Tyranosaurus Rex<\/em><\/strong>.*<strong> <\/strong><\/li>\n<\/ul>\n\n\n\n<p class=\"has-text-align-left\">* <strong>replica tama\u00f1o adulto del incre\u00edble <em>Tyranosaurus Rex<\/em> : 14m de largo por 6m de alto<\/strong><\/p>\n<\/div>\n<\/div>\n\n\n\n<div style=\"height:100px\" aria-hidden=\"true\" class=\"wp-block-spacer\"><\/div>\n\n\n\n<figure class=\"wp-block-image alignfull size-large\"><img loading=\"lazy\" decoding=\"async\" width=\"1024\" height=\"614\" src=\"https:\/\/animatronix.com.mx\/wp-content\/uploads\/2022\/11\/cropped-cropped-IMG_20200305_174010-scaled-1-1024x614.jpg\" alt=\"\" class=\"wp-image-29\" srcset=\"https:\/\/animatronix.com.mx\/wp-content\/uploads\/2022\/11\/cropped-cropped-IMG_20200305_174010-scaled-1-1024x614.jpg 1024w, https:\/\/animatronix.com.mx\/wp-content\/uploads\/2022\/11\/cropped-cropped-IMG_20200305_174010-scaled-1-300x180.jpg 300w, https:\/\/animatronix.com.mx\/wp-content\/uploads\/2022\/11\/cropped-cropped-IMG_20200305_174010-scaled-1-768x461.jpg 768w, https:\/\/animatronix.com.mx\/wp-content\/uploads\/2022\/11\/cropped-cropped-IMG_20200305_174010-scaled-1-1536x922.jpg 1536w, https:\/\/animatronix.com.mx\/wp-content\/uploads\/2022\/11\/cropped-cropped-IMG_20200305_174010-scaled-1.jpg 2000w\" sizes=\"auto, (max-width: 1024px) 100vw, 1024px\" \/><\/figure>\n\n\n\n<div style=\"height:100px\" aria-hidden=\"true\" class=\"wp-block-spacer\"><\/div>\n\n\n\n<p class=\"has-text-align-center\">nuestras CREDENCIALES cubren una diversidad de formatos, eventos con ticketing, en Ferias, eventos con Gobierno, eventos con promotores para generar ticketing en entretenimiento moviendo a una gran cantidad de gente en varios pa\u00edses. <a href=\"https:\/\/animatronix.com.mx\/index.php\/negocios\/credenciales\/\" data-type=\"page\" data-id=\"60\">ver m\u00e1s<\/a><\/p>\n\n\n\n<p class=\"has-text-align-center\">En M\u00e9xico, pero tambi\u00e9n en: Argentina, Australia, Brasil, Chile, Guatemala, Hong Kong, Espa\u00f1a, Per\u00fa, Colombia, Ecuador, Estados Unidos de America, Venezuela, Cuba, Nicaragua.<\/p>\n\n\n\n<p class=\"has-text-align-center\">M\u00e1s de 25 millones de personas han recorrido las exhibiciones de Animatronix<\/p>\n\n\n\n<div style=\"height:100px\" aria-hidden=\"true\" class=\"wp-block-spacer\"><\/div>\n\n\n\n<figure class=\"wp-block-gallery has-nested-images columns-default is-cropped wp-block-gallery-1 is-layout-flex wp-block-gallery-is-layout-flex\">\n<figure class=\"wp-block-image size-large\"><img decoding=\"async\" src=\"https:\/\/images.cousinlemon.com\/wp-content\/uploads\/2024\/04\/UNADJUSTEDNONRAW_thumb_c39.jpg\" alt=\"\"\/><\/figure>\n\n\n\n<figure class=\"wp-block-image size-large\"><img decoding=\"async\" src=\"https:\/\/images.cousinlemon.com\/wp-content\/uploads\/2024\/04\/UNADJUSTEDNONRAW_thumb_c3a-1.jpg\" alt=\"\"\/><\/figure>\n\n\n\n<figure class=\"wp-block-image size-large\"><img decoding=\"async\" src=\"https:\/\/images.cousinlemon.com\/wp-content\/uploads\/2024\/04\/UNADJUSTEDNONRAW_thumb_c49.jpg\" alt=\"\"\/><\/figure>\n\n\n\n<figure class=\"wp-block-image size-large\"><img decoding=\"async\" src=\"https:\/\/images.cousinlemon.com\/wp-content\/uploads\/2024\/04\/UNADJUSTEDNONRAW_thumb_c3c.jpg\" alt=\"\"\/><\/figure>\n\n\n\n<figure class=\"wp-block-image size-large\"><img decoding=\"async\" src=\"https:\/\/images.cousinlemon.com\/wp-content\/uploads\/2024\/04\/UNADJUSTEDNONRAW_thumb_c45.jpg\" alt=\"\"\/><\/figure>\n\n\n\n<figure class=\"wp-block-image size-large\"><img decoding=\"async\" src=\"https:\/\/images.cousinlemon.com\/wp-content\/uploads\/2024\/04\/UNADJUSTEDNONRAW_thumb_c3c.jpg\" alt=\"\"\/><\/figure>\n\n\n\n<figure class=\"wp-block-image size-large\"><img decoding=\"async\" src=\"https:\/\/images.cousinlemon.com\/wp-content\/uploads\/2024\/04\/animatronix-triceratops-bebe-1024x576.jpg\" alt=\"\"\/><\/figure>\n\n\n\n<figure class=\"wp-block-image size-full\"><img loading=\"lazy\" decoding=\"async\" width=\"1334\" height=\"750\" data-id=\"47\" src=\"https:\/\/animatronix.com.mx\/wp-content\/uploads\/2022\/12\/animatronix-poster-video-chapultepec-compress.png\" alt=\"\" class=\"wp-image-47\" srcset=\"https:\/\/animatronix.com.mx\/wp-content\/uploads\/2022\/12\/animatronix-poster-video-chapultepec-compress.png 1334w, https:\/\/animatronix.com.mx\/wp-content\/uploads\/2022\/12\/animatronix-poster-video-chapultepec-compress-300x169.png 300w, https:\/\/animatronix.com.mx\/wp-content\/uploads\/2022\/12\/animatronix-poster-video-chapultepec-compress-1024x576.png 1024w, https:\/\/animatronix.com.mx\/wp-content\/uploads\/2022\/12\/animatronix-poster-video-chapultepec-compress-768x432.png 768w\" sizes=\"auto, (max-width: 1334px) 100vw, 1334px\" \/><\/figure>\n\n\n\n<figure class=\"wp-block-image size-large\"><img decoding=\"async\" src=\"https:\/\/images.cousinlemon.com\/wp-content\/uploads\/2024\/04\/animatronix-ankylosaurus-1024x1024.jpg\" alt=\"\"\/><\/figure>\n\n\n\n<figure class=\"wp-block-image size-full\"><img loading=\"lazy\" decoding=\"async\" width=\"632\" height=\"348\" data-id=\"73\" src=\"https:\/\/animatronix.com.mx\/wp-content\/uploads\/2022\/12\/animatronix-logos-exhibiciones.png\" alt=\"\" class=\"wp-image-73\" srcset=\"https:\/\/animatronix.com.mx\/wp-content\/uploads\/2022\/12\/animatronix-logos-exhibiciones.png 632w, https:\/\/animatronix.com.mx\/wp-content\/uploads\/2022\/12\/animatronix-logos-exhibiciones-300x165.png 300w\" sizes=\"auto, (max-width: 632px) 100vw, 632px\" \/><\/figure>\n\n\n\n<figure class=\"wp-block-image size-full\"><img loading=\"lazy\" decoding=\"async\" width=\"640\" height=\"480\" data-id=\"110\" src=\"https:\/\/animatronix.com.mx\/wp-content\/uploads\/2022\/12\/Dinos-Ags_38.jpg\" alt=\"\" class=\"wp-image-110\" srcset=\"https:\/\/animatronix.com.mx\/wp-content\/uploads\/2022\/12\/Dinos-Ags_38.jpg 640w, https:\/\/animatronix.com.mx\/wp-content\/uploads\/2022\/12\/Dinos-Ags_38-300x225.jpg 300w\" sizes=\"auto, (max-width: 640px) 100vw, 640px\" \/><\/figure>\n\n\n\n<figure class=\"wp-block-image size-full\"><img loading=\"lazy\" decoding=\"async\" width=\"1600\" height=\"1200\" data-id=\"112\" src=\"https:\/\/animatronix.com.mx\/wp-content\/uploads\/2022\/12\/Animatronix-Dinosauria-2010-Julio-Vzla-Caracas-1141.jpg\" alt=\"\" class=\"wp-image-112\" srcset=\"https:\/\/animatronix.com.mx\/wp-content\/uploads\/2022\/12\/Animatronix-Dinosauria-2010-Julio-Vzla-Caracas-1141.jpg 1600w, https:\/\/animatronix.com.mx\/wp-content\/uploads\/2022\/12\/Animatronix-Dinosauria-2010-Julio-Vzla-Caracas-1141-300x225.jpg 300w, https:\/\/animatronix.com.mx\/wp-content\/uploads\/2022\/12\/Animatronix-Dinosauria-2010-Julio-Vzla-Caracas-1141-1024x768.jpg 1024w, https:\/\/animatronix.com.mx\/wp-content\/uploads\/2022\/12\/Animatronix-Dinosauria-2010-Julio-Vzla-Caracas-1141-768x576.jpg 768w, https:\/\/animatronix.com.mx\/wp-content\/uploads\/2022\/12\/Animatronix-Dinosauria-2010-Julio-Vzla-Caracas-1141-1536x1152.jpg 1536w\" sizes=\"auto, (max-width: 1600px) 100vw, 1600px\" \/><\/figure>\n\n\n\n<figure class=\"wp-block-image size-large\"><img loading=\"lazy\" decoding=\"async\" width=\"1024\" height=\"742\" data-id=\"113\" src=\"https:\/\/animatronix.com.mx\/wp-content\/uploads\/2022\/12\/San-Luis-Potosi-may-2006-226-1024x742.jpg\" alt=\"\" class=\"wp-image-113\" srcset=\"https:\/\/animatronix.com.mx\/wp-content\/uploads\/2022\/12\/San-Luis-Potosi-may-2006-226-1024x742.jpg 1024w, https:\/\/animatronix.com.mx\/wp-content\/uploads\/2022\/12\/San-Luis-Potosi-may-2006-226-300x217.jpg 300w, https:\/\/animatronix.com.mx\/wp-content\/uploads\/2022\/12\/San-Luis-Potosi-may-2006-226-768x557.jpg 768w, https:\/\/animatronix.com.mx\/wp-content\/uploads\/2022\/12\/San-Luis-Potosi-may-2006-226.jpg 1083w\" sizes=\"auto, (max-width: 1024px) 100vw, 1024px\" \/><\/figure>\n\n\n\n<figure class=\"wp-block-image size-large\"><img decoding=\"async\" src=\"https:\/\/images.cousinlemon.com\/wp-content\/uploads\/2024\/04\/animatronix-gallimimus.jpg\" alt=\"\"\/><\/figure>\n\n\n\n<figure class=\"wp-block-image size-full\"><img loading=\"lazy\" decoding=\"async\" width=\"2048\" height=\"2048\" data-id=\"316\" src=\"https:\/\/animatronix.com.mx\/wp-content\/uploads\/2023\/04\/dinosaurios-digital.jpeg\" alt=\"\" class=\"wp-image-316\" srcset=\"https:\/\/animatronix.com.mx\/wp-content\/uploads\/2023\/04\/dinosaurios-digital.jpeg 2048w, https:\/\/animatronix.com.mx\/wp-content\/uploads\/2023\/04\/dinosaurios-digital-300x300.jpeg 300w, https:\/\/animatronix.com.mx\/wp-content\/uploads\/2023\/04\/dinosaurios-digital-1024x1024.jpeg 1024w, https:\/\/animatronix.com.mx\/wp-content\/uploads\/2023\/04\/dinosaurios-digital-150x150.jpeg 150w, https:\/\/animatronix.com.mx\/wp-content\/uploads\/2023\/04\/dinosaurios-digital-768x768.jpeg 768w, https:\/\/animatronix.com.mx\/wp-content\/uploads\/2023\/04\/dinosaurios-digital-1536x1536.jpeg 1536w, https:\/\/animatronix.com.mx\/wp-content\/uploads\/2023\/04\/dinosaurios-digital-1200x1200.jpeg 1200w, https:\/\/animatronix.com.mx\/wp-content\/uploads\/2023\/04\/dinosaurios-digital-1980x1980.jpeg 1980w\" sizes=\"auto, (max-width: 2048px) 100vw, 2048px\" \/><\/figure>\n<\/figure>\n\n\n\n<div style=\"height:112px\" aria-hidden=\"true\" class=\"wp-block-spacer\"><\/div>\n\n\n\n<figure class=\"wp-block-video\"><video height=\"352\" style=\"aspect-ratio: 640 \/ 352;\" width=\"640\" autoplay controls muted src=\"https:\/\/animatronix.com.mx\/wp-content\/uploads\/2024\/04\/OK-MUNDO-JURASICO-Madrid-Navideno-420p.mov\"><\/video><\/figure>\n\n\n\n<figure class=\"wp-block-video\"><video autoplay controls muted src=\"https:\/\/animatronix.com.mx\/wp-content\/uploads\/2024\/04\/Universo-Animatronix-3dreal-1.mov\"><\/video><\/figure>\n\n\n\n<figure class=\"wp-block-image size-large\"><img decoding=\"async\" src=\"https:\/\/images.cousinlemon.com\/wp-content\/uploads\/2024\/04\/ANIMATRONIX-01-1024x576.png\" alt=\"\"\/><\/figure>\n\n\n\n<p class=\"has-text-align-center\">&#8230; en donde lo inesperado cobra vida!<\/p>\n\n\n\n<div style=\"height:375px\" aria-hidden=\"true\" class=\"wp-block-spacer\"><\/div>\n\n\n\n<p class=\"has-text-align-right\">escr\u00edbenos en whatsapp<\/p>\n\n\n\n<p class=\"has-text-align-right\">esta abajo a la derecha<\/p>\n\n\n\n<div style=\"height:38px\" aria-hidden=\"true\" class=\"wp-block-spacer\"><\/div>\n","protected":false},"excerpt":{"rendered":"<p>Nuestra pasi\u00f3n, ser una gran opci\u00f3n de entretenimiento, inovador, diferente, divertido, y con prop\u00f3sito, en un ambiente controlado por tecnolog\u00eda, con fines educativos, en desarrollo social y familiar, as\u00ed podr\u00e1s aprender algo mientras te la pasas incre\u00edble. Y pasarla incre\u00edble aprendiendo algo. UN ZAMBULLIDO. Todo esto se puede complementar con un control de luz sonido [&hellip;]<\/p>\n","protected":false},"author":1,"featured_media":0,"parent":0,"menu_order":0,"comment_status":"closed","ping_status":"closed","template":"","meta":{"_monsterinsights_skip_tracking":false,"_monsterinsights_sitenote_active":false,"_monsterinsights_sitenote_note":"","_monsterinsights_sitenote_category":0,"_kadence_starter_templates_imported_post":false,"footnotes":""},"class_list":["post-15","page","type-page","status-publish","hentry"],"_links":{"self":[{"href":"https:\/\/animatronix.com.mx\/index.php\/wp-json\/wp\/v2\/pages\/15","targetHints":{"allow":["GET"]}}],"collection":[{"href":"https:\/\/animatronix.com.mx\/index.php\/wp-json\/wp\/v2\/pages"}],"about":[{"href":"https:\/\/animatronix.com.mx\/index.php\/wp-json\/wp\/v2\/types\/page"}],"author":[{"embeddable":true,"href":"https:\/\/animatronix.com.mx\/index.php\/wp-json\/wp\/v2\/users\/1"}],"replies":[{"embeddable":true,"href":"https:\/\/animatronix.com.mx\/index.php\/wp-json\/wp\/v2\/comments?post=15"}],"version-history":[{"count":86,"href":"https:\/\/animatronix.com.mx\/index.php\/wp-json\/wp\/v2\/pages\/15\/revisions"}],"predecessor-version":[{"id":488,"href":"https:\/\/animatronix.com.mx\/index.php\/wp-json\/wp\/v2\/pages\/15\/revisions\/488"}],"wp:attachment":[{"href":"https:\/\/animatronix.com.mx\/index.php\/wp-json\/wp\/v2\/media?parent=15"}],"curies":[{"name":"wp","href":"https:\/\/api.w.org\/{rel}","templated":true}]}}