{"id":60,"date":"2022-12-19T21:52:18","date_gmt":"2022-12-19T21:52:18","guid":{"rendered":"https:\/\/animatronix.com.mx\/?page_id=60"},"modified":"2023-02-14T04:49:43","modified_gmt":"2023-02-14T04:49:43","slug":"credenciales","status":"publish","type":"page","link":"https:\/\/animatronix.com.mx\/index.php\/negocios\/credenciales\/","title":{"rendered":"Credenciales"},"content":{"rendered":"\n<h2 class=\"wp-block-heading\"><strong>Proyectos realizados por Animatronix<\/strong><\/h2>\n\n\n\n<p>&#8211; Dinosauria Animatronix<br>&#8211; Bichos Animatronix<br>&#8211; Reino Salvaje Animatronix<br>&#8211; Ovni Animatronix<br>&#8211; Aquamarine (circo del agua)<\/p>\n\n\n\n<h2 class=\"wp-block-heading\"><strong>Instituciones educativas que han colaborado con Animatronix<\/strong><\/h2>\n\n\n\n<p>&#8211; Universidad Aut\u00f3noma de M\u00e9xico (UNAM) &#8211; Instituto Polit\u00e9cnico Nacional (IPN)<\/p>\n\n\n\n<h2 class=\"wp-block-heading\"><strong>Nuestros Clientes<\/strong><\/h2>\n\n\n\n<p>Algunos de los clientes que hemos tenido la oportunidad de atender<br>&#8211; Gobierno del estado de Chiapas<br>&#8211; Sistema para el desarrollo integral de la familia del estado de Durango<br>&#8211; Gobierno del estado de Hidalgo<br>&#8211; Instituto Tecnol\u00f3gico Superior de los Reyes<br>&#8211; Gobierno del Distrito Federal delegaci\u00f3n Iztacalco<br>&#8211; Gobierno del Distrito Federal delegaci\u00f3n Tl\u00e1huac<br>&#8211; Sistema para el Desarrollo Integral de la Familia del estado de Puebla<br>&#8211; Gobierno del estado de Queretaro<br>&#8211; Sistema para el Desarrollo Integral de la Familia del estado de Tabasco<br>&#8211; Sistema para el Desarrollo Integral de la Familia de Coatzacoalcos, Veracruz &#8211; &#8230;..<\/p>\n\n\n\n<h2 class=\"wp-block-heading\"><strong>Ferias Estatales<\/strong><\/h2>\n\n\n\n<p>&#8211; Feria de Metepec<br>&#8211; Feria de la Bandera, Iguala<br>&#8211; Feria de Xmatkuil, M\u00e9rida, Yucat\u00e1n &#8211; Feria Ganadera de Queretaro<br>&#8211; Feria de Fresnillo<br>&#8211; Feria de Gomez Palacios<br>&#8211; Feria del Caballo, Texcoco<br>&#8211; &#8230;&#8230;<\/p>\n\n\n\n<h2 class=\"wp-block-heading\"><strong>Estados de la Rep\u00fablica Mexicana que han presentado una exhibici\u00f3n<\/strong><\/h2>\n\n\n\n<p>&#8211; Toda la Republica Mexican<\/p>\n\n\n\n<h2 class=\"wp-block-heading\"><strong>Pa\u00edses visitados con alguna exhibici\u00f3n o giras internacionales<\/strong><strong>\u2029<\/strong><\/h2>\n\n\n\n<p>&#8211; Argentina &#8211; Australia &#8211; Brasil<br>&#8211; Chile<\/p>\n\n\n\n<p>&#8211; Guatemala &#8211; Hong Kong &#8211; Espa\u00f1a<br>&#8211; Per\u00fa<\/p>\n\n\n\n<p>&#8211; Colombia<br>&#8211; Ecuador<br>&#8211; Estados Unidos de America<\/p>\n\n\n\n<p>&#8211; Venezuela &#8211; Cuba<br>&#8211; Nicaragua<\/p>\n\n\n\n<div style=\"height:100px\" aria-hidden=\"true\" class=\"wp-block-spacer\"><\/div>\n\n\n\n<figure class=\"wp-block-video\"><video height=\"720\" style=\"aspect-ratio: 1280 \/ 720;\" width=\"1280\" autoplay controls poster=\"https:\/\/animatronix.com.mx\/wp-content\/uploads\/2022\/12\/animatronix-logos-exhibiciones.png\" src=\"https:\/\/animatronix.com.mx\/wp-content\/uploads\/2022\/12\/entrada-paises-anix-4-exhibiciones-youtube-1p49seg.mp4\" playsinline><\/video><\/figure>\n","protected":false},"excerpt":{"rendered":"<p>Proyectos realizados por Animatronix &#8211; Dinosauria Animatronix&#8211; Bichos Animatronix&#8211; Reino Salvaje Animatronix&#8211; Ovni Animatronix&#8211; Aquamarine (circo del agua) Instituciones educativas que han colaborado con Animatronix &#8211; Universidad Aut\u00f3noma de M\u00e9xico (UNAM) &#8211; Instituto Polit\u00e9cnico Nacional (IPN) Nuestros Clientes Algunos de los clientes que hemos tenido la oportunidad de atender&#8211; Gobierno del estado de Chiapas&#8211; Sistema [&hellip;]<\/p>\n","protected":false},"author":1,"featured_media":0,"parent":37,"menu_order":0,"comment_status":"closed","ping_status":"closed","template":"","meta":{"_monsterinsights_skip_tracking":false,"_monsterinsights_sitenote_active":false,"_monsterinsights_sitenote_note":"","_monsterinsights_sitenote_category":0,"_kadence_starter_templates_imported_post":false,"footnotes":""},"class_list":["post-60","page","type-page","status-publish","hentry"],"_links":{"self":[{"href":"https:\/\/animatronix.com.mx\/index.php\/wp-json\/wp\/v2\/pages\/60","targetHints":{"allow":["GET"]}}],"collection":[{"href":"https:\/\/animatronix.com.mx\/index.php\/wp-json\/wp\/v2\/pages"}],"about":[{"href":"https:\/\/animatronix.com.mx\/index.php\/wp-json\/wp\/v2\/types\/page"}],"author":[{"embeddable":true,"href":"https:\/\/animatronix.com.mx\/index.php\/wp-json\/wp\/v2\/users\/1"}],"replies":[{"embeddable":true,"href":"https:\/\/animatronix.com.mx\/index.php\/wp-json\/wp\/v2\/comments?post=60"}],"version-history":[{"count":10,"href":"https:\/\/animatronix.com.mx\/index.php\/wp-json\/wp\/v2\/pages\/60\/revisions"}],"predecessor-version":[{"id":97,"href":"https:\/\/animatronix.com.mx\/index.php\/wp-json\/wp\/v2\/pages\/60\/revisions\/97"}],"up":[{"embeddable":true,"href":"https:\/\/animatronix.com.mx\/index.php\/wp-json\/wp\/v2\/pages\/37"}],"wp:attachment":[{"href":"https:\/\/animatronix.com.mx\/index.php\/wp-json\/wp\/v2\/media?parent=60"}],"curies":[{"name":"wp","href":"https:\/\/api.w.org\/{rel}","templated":true}]}}